e highest common factor of z and 297.
33
Suppose -23*k + 525 = 12*k. Calculate the highest common divisor of k and 15.
15
Suppose -5*s + 1033 = -3*b, 3*b - 6*s + 9*s + 1065 = 0. Let i = 589 + b. Calculate the highest common factor of 34 and i.
34
Suppose -2*s = -0*s - 12. Suppose 8*t - 34 = 6. Let a be t/((-10)/6) - -5. Calculate the highest common factor of s and a.
2
Let w = -17 + 29. Suppose -13 = 2*b + z + 4*z, 5*z = 2*b - 37. What is the greatest common factor of w and b?
6
Suppose -3*c - 960 = -11*c. Let p be 4/(-18) + c/54. Calculate the greatest common divisor of p and 6.
2
Let d = -651 - -699. Calculate the highest common divisor of 138 and d.
6
Suppose 8*d - m = 5*d + 14, 5*d = -2*m + 38. What is the greatest common factor of d and 6?
6
Suppose 8*g - 7*g - 4*b = 85, -2*g = b - 125. Calculate the highest common factor of g and 702.
13
Let n be (-1)/1 - 1*-21. Suppose -7*k + n = -3*k. Suppose 94 = k*y - 2*s - s, 4*y + 3*s = 59. What is the highest common factor of y and 34?
17
Let m(i) = i + 13. Let j be m(-9). Suppose -5*y + 3*y + j*l = -42, 3*y = -4*l + 83. What is the highest common factor of y and 25?
25
Suppose 3*i = 96 + 12. What is the highest common divisor of i and 66?
6
Let u = 54 - 29. What is the highest common divisor of 5 and u?
5
Suppose 3*d - 3 = 2*d. Suppose r + d*r = 12. Let p(m) = m**2 - 2*m - 8. Let a be p(7). What is the highest common factor of r and a?
3
Let q be (6*22/(-16))/(42/(-112)). Suppose 2*g = -0*g + q. What is the greatest common factor of g and 11?
11
Suppose -4*y + 179 = -349. Suppose -10*q + 312 = 16*q. What is the greatest common divisor of q and y?
12
Suppose 41*k + 72*k = 11187. What is the highest common factor of k and 27?
9
Suppose -159*l + 165*l - 18 = 0. Let i(m) = -2*m + 1. Let c be i(-1). What is the highest common divisor of c and l?
3
Let t(o) = -o**2 - 5*o - 2. Let w be t(-3). Suppose 3*q - w*q + 3 = 0. Suppose -3 = q*u, -u = i - 2*u - 5. Calculate the greatest common factor of i and 2.
2
Let y(x) = -2*x**2 - 6*x. Let w be y(-3). Let u be 23/(1/(-2 + 3) - w). Let v = 68 + -22. What is the highest common divisor of u and v?
23
Let p(w) = 3*w + 3. Let g be 20 + -21 - 2*(-2)/4. Let c be p(g). Calculate the greatest common factor of c and 9.
3
Suppose -5*s + 2*c = -7*s + 144, -3*s + 5*c + 248 = 0. What is the greatest common factor of 76 and s?
76
Suppose c - 81 = -3*x, -4*x + 6 = -6. Suppose -4*n = -22 - 122. Calculate the greatest common divisor of n and c.
36
Let z be (-1 - 2)/((28/48)/(-7)). Let p be 2*5/(10/4). Suppose -p*w + 29 = 5*y - 41, -2 = y + 4*w. What is the highest common divisor of z and y?
18
Let u be ((80/2)/(-1))/((-105)/315). Calculate the greatest common divisor of u and 150.
30
Suppose 2*d = -a + 9, -2*a + 21 = 5*d - a. Suppose -d*q + 8 = 0, 175 = 5*r - 3*q + 8*q. What is the highest common factor of 11 and r?
11
Let z(a) = -a**2 - 11*a + 2. Let r = 6 + -3. Suppose 0 = -r*i + 4*i + 9. Let h be z(i). What is the highest common divisor of 5 and h?
5
Let q(p) = -p**2 - 14*p + 10. Suppose -43 = 4*r + 3*w, w = r + r + 29. Let d be q(r). Calculate the highest common factor of 161 and d.
23
Let c = -74 + 173. Let a = -59 + c. Suppose 0 = 2*i - 6*i + a. What is the highest common factor of 80 and i?
10
Suppose h - 6*h + 4*r - 12 = 0, 0 = r - 3. Suppose h*g - 3*g + 4 = -2*n, 3*g = -5*n + 11. Calculate the greatest common factor of 16 and g.
2
Suppose 2*l = -l - 2*y + 7, l - 5*y + 26 = 0. Let t = -80 + l. Let u = t - -137. What is the greatest common factor of 7 and u?
7
Let k be (-6)/(-21) + 6/(-21). Suppose -o + 0*o = k. Let m be o*2/(-6) + 32. What is the highest common divisor of m and 48?
16
Let r be (-2)/(6/(-10) + (-111)/(-195)). Suppose 0 = -57*t + 58*t - r. What is the greatest common divisor of 39 and t?
13
Suppose 0 = 3*z - 4*z + 3. Suppose -w + z*b + 3 = 0, 2*w - 46 = -2*w - 5*b. What is the greatest common factor of 144 and w?
9
Let q be 3/(-12)*(-2 + 4)*-176. Calculate the highest common divisor of q and 308.
44
Let l be 5/(-4)*(-4)/1. Let j = -11 + 13. Suppose -j*y - 96 = -2*p, y = 2*p - 111 + 18. What is the greatest common factor of l and p?
5
Suppose -15*q = 20*q - 1610. Calculate the greatest common factor of 299 and q.
23
Let o be (3 + 30/(-2))/1. Let r(x) = x**2 + 12*x + 15. Let f be r(o). What is the greatest common factor of 105 and f?
15
Suppose -114 = -2*i - n, -3*i + n + 222 = i. Let p(c) = -5*c - 3. Let b be p(-2). What is the highest common factor of b and i?
7
Let u be (-399)/(-77) - (-4)/(-22) - -319. Calculate the greatest common factor of 60 and u.
12
Let c be (18/27)/(4/42). Let f = 21 - c. What is the highest common divisor of 126 and f?
14
Let b(r) = r**2 - 9*r - 22. Let g be b(11). Let y = 5 + -3. Suppose -y*a + 5*a - 15 = g. What is the highest common factor of 50 and a?
5
Suppose -169*v + 161*v + 384 = 0. What is the greatest common divisor of v and 336?
48
Let a(k) = 3*k**2 + 4*k**2 - 3*k**2 + 1 + k - 5*k**2. Let x be a(-2). Let c be (2*x)/((-6)/12). Calculate the highest common divisor of 10 and c.
10
Let k be -4 - (-81 - -5) - 6. What is the highest common factor of 66 and k?
66
Suppose 0 = 38*x - 36*x - 24. What is the greatest common factor of 48 and x?
12
Let w(u) = u - 19. Let n be w(21). Let z be 4 + ((-6)/18)/(n/18). What is the greatest common factor of z and 2?
1
Let d = -492 + 1240. Calculate the highest common divisor of d and 44.
44
Let r(s) = 3*s**2 + 15*s + 23. Let a be r(-8). What is the greatest common divisor of a and 380?
95
Suppose 0 = 3*w - 251 - 1033. Let i = -293 + w. Calculate the greatest common divisor of i and 15.
15
Let s be 35/210 + 7126/12. Calculate the highest common factor of s and 54.
54
Suppose 882 = -34*b + 2854. Calculate the highest common divisor of 435 and b.
29
Let l(a) = 48*a**2. Let m be l(-1). Let s be (4 + 4 - -2)*2/5. Suppose -4*b = -g + s*g - 56, 4*g = -5*b + 73. What is the greatest common divisor of g and m?
12
Let a(s) = -98*s + 574. Let u be a(5). Calculate the highest common factor of 60 and u.
12
Let f(h) = -h**2 - h + 29. Let d be f(0). Let g be (136/(-32))/(3/12). Let z = g + d. What is the greatest common factor of z and 36?
12
Suppose -5*g + z = -34 - 20, -13 = -g - 2*z. Suppose 5 = -g*f + 159. Suppose 490 = v + 4*v. What is the greatest common divisor of f and v?
14
Suppose 418*r = 455*r - 666. Calculate the highest common factor of r and 294.
6
Let z = -23 + 24. Suppose -2*u + 10 = -b, 0 = -2*u - 3*u - 3*b + 25. What is the highest common factor of u and z?
1
Let x be -29*(5 + -6) + -7. Calculate the highest common factor of 374 and x.
22
Let m = -72 + 171. Suppose -2*h + 3*h = -4*p + 12, -2*p + 24 = 5*h. Suppose y + 2 = -0, p*y - 29 = -3*u. What is the greatest common divisor of u and m?
11
Let i be 20/(-48)*-57 + 4/16. Calculate the highest common factor of 348 and i.
12
Let v = -892 + 1022. Calculate the greatest common divisor of 52 and v.
26
Let k = 5 - 65. Let b be 16/(-20)*k/8. What is the highest common factor of b and 24?
6
Let d be 3/15 - (-732)/15. Let z(v) = 2*v**3 + v**2 + 9*v + 5. Let b be z(-2). Let a = d + b. Calculate the highest common divisor of 16 and a.
8
Suppose 6*f = -10*f + 320. Calculate the highest common factor of f and 10.
10
Suppose -2*l = 2026 - 2030. Calculate the greatest common divisor of l and 43.
1
Let f(l) = -l**3 - 7*l**2 + 7*l + 8. Let p be f(-8). Let c be (-25)/2 + 8/p. Let n be (2/6)/((-2)/c). What is the highest common divisor of n and 3?
1
Suppose -5*x = 0, 297 = 3*k + 6*x - 3*x. Let d(t) = -t**3 - 7*t**2 - 8*t - 3. Let i be d(-6). Calculate the highest common factor of k and i.
9
Suppose 0*r - 2*r = -6. Suppose -2*v + 2*i = -r*v + 6, v = -3*i + 4. What is the greatest common factor of 50 and v?
10
Let u = -424 - -433. What is the highest common divisor of 87 and u?
3
Let r be (-8)/((-800)/30) - (-27)/10. Let n be 1/(-1 - 0) + 16. Calculate the highest common factor of r and n.
3
Let j = 1003 - 930. Calculate the greatest common factor of 73 and j.
73
Let t(k) = k**3 - 2*k**2 + 3. Let p be t(3). Let q(w) = -107*w**3 - w**2 - 3*w - 1. Let x be q(-1). What is the greatest common divisor of p and x?
12
Let b = -178 - -25. Let c = b + 62. Let v = 163 + c. Calculate the highest common divisor of 18 and v.
18
Let j be ((-3)/(-4))/(18/240). Calc